digit of 8983?
8
What is the hundreds digit of 2100?
1
What is the units digit of 1623?
3
What is the thousands digit of 37385?
7
What is the hundreds digit of 1805?
8
What is the tens digit of 4412?
1
What is the hundreds digit of 41894?
8
What is the hundreds digit of 163?
1
What is the units digit of 4079?
9
What is the units digit of 8250?
0
What is the tens digit of 20231?
3
What is the tens digit of 15938?
3
What is the hundreds digit of 18333?
3
What is the hundreds digit of 4308?
3
What is the units digit of 5317?
7
What is the units digit of 19264?
4
What is the thousands digit of 2165?
2
What is the tens digit of 5351?
5
What is the tens digit of 1131?
3
What is the units digit of 34894?
4
What is the thousands digit of 1131?
1
What is the units digit of 5410?
0
What is the tens digit of 1017?
1
What is the units digit of 4045?
5
What is the ten thousands digit of 79184?
7
What is the tens digit of 11317?
1
What is the tens digit of 149?
4
What is the thousands digit of 34460?
4
What is the hundreds digit of 443?
4
What is the hundreds digit of 7119?
1
What is the tens digit of 21716?
1
What is the hundreds digit of 1524?
5
What is the units digit of 4045?
5
What is the units digit of 1099?
9
What is the hundreds digit of 875?
8
What is the tens digit of 5692?
9
What is the units digit of 1445?
5
What is the thousands digit of 4078?
4
What is the ten thousands digit of 75654?
7
What is the tens digit of 9140?
4
What is the units digit of 8570?
0
What is the thousands digit of 6126?
6
What is the tens digit of 1005?
0
What is the hundreds digit of 2050?
0
What is the units digit of 1200?
0
What is the hundreds digit of 8552?
5
What is the units digit of 640?
0
What is the units digit of 3505?
5
What is the hundreds digit of 1160?
1
What is the tens digit of 72959?
5
What is the thousands digit of 13417?
3
What is the tens digit of 10364?
6
What is the tens digit of 77?
7
What is the units digit of 9380?
0
What is the thousands digit of 9419?
9
What is the hundreds digit of 207?
2
What is the thousands digit of 1862?
1
What is the units digit of 555?
5
What is the tens digit of 721?
2
What is the tens digit of 1728?
2
What is the hundreds digit of 1336?
3
What is the ten thousands digit of 22368?
2
What is the hundreds digit of 3809?
8
What is the tens digit of 975?
7
What is the tens digit of 25696?
9
What is the units digit of 2045?
5
What is the units digit of 109144?
4
What is the tens digit of 25895?
9
What is the tens digit of 506?
0
What is the thousands digit of 5661?
5
What is the tens digit of 2202?
0
What is the thousands digit of 8279?
8
What is the units digit of 442?
2
What is the tens digit of 849?
4
What is the units digit of 5276?
6
What is the thousands digit of 1374?
1
What is the units digit of 3742?
2
What is the tens digit of 7279?
7
What is the hundreds digit of 2857?
8
What is the tens digit of 7666?
6
What is the thousands digit of 7087?
7
What is the hundreds digit of 4883?
8
What is the tens digit of 823?
2
What is the thousands digit of 8654?
8
What is the hundreds digit of 5669?
6
What is the ten thousands digit of 12601?
1
What is the ten thousands digit of 35769?
3
What is the tens digit of 6858?
5
What is the tens digit of 471?
7
What is the tens digit of 10628?
2
What is the ten thousands digit of 58024?
5
What is the thousands digit of 18489?
8
What is the thousands digit of 4355?
4
What is the tens digit of 1003?
0
What is the hundreds digit of 255?
2
What is the ten thousands digit of 25408?
2
What is the tens digit of 805?
0
What is the tens digit of 2147?
4
What is the thousands digit of 5029?
5
What is the hundreds digit of 6291?
2
What is the units digit of 2482?
2
What is the hundreds digit of 561?
5
What is the hundreds digit of 7259?
2
What is the hundreds digit of 907?
9
What is the units digit of 7309?
9
What is the thousands digit of 12637?
2
What is the thousands digit of 3662?
3
What is the hundreds digit of 15210?
2
What is the hundreds digit of 943?
9
What is the ten thousands digit of 12169?
1
What is the tens digit of 4415?
1
What is the hundreds digit of 6659?
6
What is the ten thousands digit of 58863?
5
What is the hundreds digit of 4223?
2
What is the hundreds digit of 23996?
9
What is the units digit of 13805?
5
What is the hundreds digit of 1985?
9
What is the thousands digit of 14310?
4
What is the hundreds digit of 6253?
2
What is the units digit of 113879?
9
What is the hundreds digit of 2050?
0
What is the thousands digit of 199342?
9
What is the tens digit of 98687?
8
What is the hundreds digit of 214?
2
What is the hundreds digit of 46954?
9
What is the units digit of 535?
5
What is the ten thousands digit of 18429?
1
What is the units digit of 8394?
4
What is the thousands digit of 67598?
7
What is the ten thousands digit of 21275?
2
What is the ten thousands digit of 15534?
1
What is the hundreds digit of 1224?
2
What is the thousands digit of 2617?
2
What is the hundreds digit of 1162?
1
What is the ten thousands digit of 12288?
1
What is the hundreds digit of 9575?
5
What is the tens digit of 1841?
4
What is the hundreds digit of 752?
7
What is the units digit of 3112?
2
What is the tens digit of 3750?
5
What is the thousands digit of 18047?
8
What is the tens digit of 5303?
0
What is the units digit of 9233?
3
What is the tens digit of 908?
0
What is the hundreds digit of 620?
6
What is the units digit of 403?
3
What is the units digit of 5380?
0
What is the ten thousands digit of 91907?
9
What is the hundreds digit of 64920?
9
What is the ten thousands digit of 34490?
3
What is the tens digit of 33990?
9
What is the thousands digit of 1132?
1
What is the hundreds digit of 19957?
9
What is the tens digit of 1374?
7
What is the units digit of 2269?
9
What is the tens digit of 2777?
7
What is the thousands digit of 3061?
3
What is the tens digit of 34950?
5
What is the units digit of 18649?
9
What is the thousands digit of 1835?
1
What is the units digit of 22?
2
What is the tens digit of 1681?
8
What is the units digit of 29149?
9
What is the tens digit of 92?
9
What is the tens digit of 3294?
9
What is the tens digit of 960?
6
What is the hundreds digit of 3440?
4
What is the hundreds digit of 317?
3
What is the units digit of 2211?
1
What is the units digit of 892?
2
What is the thousands digit of 7525?
7
What is the ten thousands digit of 29592?
2
What is the thousands digit of 10694?
0
What is the units digit of 33526?
6
What is the tens digit of 1157?
5
What is the thousands digit of 2895?
2
What is the tens digit of 2626?
2
What is the tens digit of 3348?
4
What is the ten thousands digit of 22319?
2
What is the thousands digit of 1685?
1
What is the tens digit of 409?
0
What is the units digit of 3733?
3
What is the tens digit of 56223?
2
What is the ten thousands digit of 32447?
3
What is the units digit of 115637?
7
What is the tens digit of 49800?
0
What is the thousands digit of 10065?
0
What is the units digit of 19458?
8
What is the units digit of 14183?
3
What is the tens digit of 445?
4
What is the hundreds digit of 5312?
3
What is the units digit of 492?
2
What is the tens digit of 15512?
1
What is the ten thousands digit of 16013?
1
What is the thousands digit of 11614?
1
What is the units digit of 412?
2
What is the hundreds digit of 143892?
8
What is the units digit of 5532?
2
What is the tens digit of 3152?
5
What is the hundreds digit of 8140?
1
What is the thousands digit of 1786?
1
What is the ten thousands digit of 58054?
5
What is the units digit of 621?
1
What is the hundreds digit of 20273?
2
What is the units digit of 63145?
5
What is the tens digit of 595?
9
What is the tens digit of 4249?
4
What is the units digit of 110551?
1
What is the units digit of 94195?
5
What is the hundreds digit of 3224?
2
What is the tens digit of 1122?
2
What is the hundreds digit of 1698?
6
What is the tens digit of 12375?
7
What is the tens digit of 1499?
9
What is the thousands digit of 18076?
8
What is the units digit of 113522?
2
What is the hundreds digit of 624?
6
What is the tens digit of 6548?
4
What is the tens digit of 15323?
2
What is the tens digit of 5173?
7
What is the hundreds digit of 698?
6
What is the hundreds digit of 129338?
3
What is 